et x(a) be the first derivative of a + a**4 - 1/3*a**3 + 50 + 1/2*a**2. Determine x(2).
31
Let c(d) = 3*d + 1. Suppose 4*m - 4 - 16 = 0. Suppose v + 5*s = 4, -5*v + 44 = m*s - 4*s. Suppose 2 + 7 = -v*x. Give c(x).
-2
Suppose 138*o - 366 = -42 + 504. Let g(x) = 0*x**2 - x**2 + 4 + 0*x + 7*x - 2*x. Give g(o).
-2
Let i(p) = -43*p**2 + 5*p - 1. Let w(y) = -183*y**2 + 22*y - 4. Let s(d) = 9*i(d) - 2*w(d). What is s(2)?
-83
Let v(n) = n**3 - 12*n**2 - n + 5. Let a(k) = -k**2 - 15*k + 12. Let t be a(0). What is v(t)?
-7
Let u(x) = 4*x**3 + x**2 - 3*x - 8. Let b be u(-3). Let g = -105 - b. Let r(n) = n**2 + 8*n. Calculate r(g).
-7
Let q(k) = -3*k**2 - 513906*k + 513906*k - 3 - k**3. Give q(-3).
-3
Let f(j) be the first derivative of 0*j - 1/6*j**4 + 1/360*j**6 + 4*j**3 + 7 + 1/24*j**5 + 0*j**2. Let r(t) be the third derivative of f(t). Give r(-5).
-4
Suppose -2*u - 5*f + 14 = 52, 2*u + 4*f = -34. Let j(q) be the second derivative of q**5/20 + 3*q**4/4 - q**2/2 + 22523*q. Give j(u).
-1
Let d = -14965 + 14977. Let k(m) = -m**3 + 11*m**2 + 13*m - 13. Determine k(d).
-1
Let g(m) = m**3 + 3*m**2 - 3*m - 3. Let x be (-26)/(-14) - 96/112. Suppose b + 3*a = 3, 5*b + x = -a - 12. What is g(b)?
6
Let u(y) = 3*y**2 + 9*y - 1. Let v(m) = 4*m**2 + 10*m + 1. Let f(o) = -5*u(o) + 4*v(o). Let r be 38/6 + (-4)/12. Give f(r).
15
Let d(f) = -81 - 303227*f**2 + f**3 - 8*f + 303253*f**2 - 22*f. What is d(-27)?
0
Let b(o) = -3*o + 72. Suppose -4*r + w = -111, -42*r + 31 = -40*r + 3*w. Calculate b(r).
-6
Let a(v) = v**3 + 4*v**2 + 7*v + 9. Suppose -65*x - 31*x = 384. What is a(x)?
-19
Let y be 351/(-13) - (-1 + 2 - 3). Let i = y - -34. Suppose 3*b + 5*x = -b + i, -3*x + 3 = 2*b. Let r(m) = -m + 12. Give r(b).
6
Let p(d) = 174493*d**3 + d**2 + 3*d**2 + 6 - 5*d - 174492*d**3. Suppose -4*z = -2*f + 7*f - 15, 0 = f + 3*z - 3. Suppose f*u - 6*u - 15 = 0. Determine p(u).
6
Let h(s) = 468*s**2 - s**3 - 2*s - 838*s**2 + 398*s**2 + 59. What is h(28)?
3
Let g(n) be the third derivative of n**5/10 - n**3/6 - 4*n**2. Suppose a + 5*w + 8 = 0, 4*a = 3*a + 4*w + 10. Let l be ((-14)/(-56))/(a/8). Determine g(l).
5
Let r(u) = -4*u + 5. Let s(w) = 1. Let t(o) = -r(o) + 2*s(o). Suppose -43*d - 146 = 112. Let i(b) = b**3 + 2*b**2 - 25*b - 9. Let a be i(d). Determine t(a).
-15
Suppose 11*a + 29 + 15 = 0. Let t be 3 - (-1 - 2/(-2)) - a. Suppose 12*d + t = -17. Let m(r) = -3*r. What is m(d)?
6
Let s be 2 + -1 - (-16 - -6). Let c(u) = u. Let n be c(s). Let j = 10 - n. Let z(a) = 2*a**3 + a**2 - a - 1. What is z(j)?
-1
Let w(x) = 6*x**2 - 4*x - 3. Suppose -353*b - 323*b = -698*b - 44. What is w(b)?
29
Suppose -2*j + 0*b + 27 = -3*b, -j + 4*b + 21 = 0. Suppose j = -18*m - 9. Let s(l) = -3*l**3 - 1. What is s(m)?
2
Let g(z) be the second derivative of z**4/12 - 3*z**3/2 - 37*z**2/2 - 833*z. What is g(18)?
125
Let g(s) = -2*s**2 - 4*s + 84. Let x(a) = a**2 + 2*a - 38. Let p(v) = -4*g(v) - 9*x(v). Give p(2).
-2
Let m be (15/6 + 0)/((-4)/(-8)). Let d(n) = 3 + 4 - 1 - 7 - m*n. Calculate d(-1).
4
Let h(i) = -2*i**2 - 3*i + 5. Let d be 4/6*(-42)/28. Let x(g) = g**2 + 1. Let b(l) = d*x(l) - h(l). Let o be (17/(-20) + 2/(-5))*4. What is b(o)?
4
Let i(y) = -3*y - 10. Let j be (-30)/(-50) - ((-8)/(-32) + 214/40). Calculate i(j).
5
Let i(l) be the third derivative of -l**8/20160 + l**7/1680 + l**6/360 + 61*l**5/30 + 252*l**2. Let u(x) be the third derivative of i(x). What is u(5)?
-8
Let f(p) be the third derivative of -p**5/60 - 29*p**4/24 + p**3/3 - 2*p**2 - 132*p - 2. What is f(-29)?
2
Suppose 221*g - 15 = 216*g. Suppose 0 = -3*x + g*y, 5*x - 3 = 8*x - 2*y. Let o(p) = -14*p + 4. Determine o(x).
46
Let n(g) = g**3 - 6*g**2 - 18*g + 9. Let h(s) = -5*s**3 - 93*s**2 - 268*s + 37. Let j be h(-15). Give n(j).
-68
Let u(f) = 109 + f**3 - 102660*f**2 + 15*f + 205343*f**2 + 13*f - 102659*f**2. Calculate u(-23).
-6
Let k(p) = -36 + 171 - 16 - 52 - 7 - 2*p**2 - 55*p. Give k(-28).
32
Let b be (20/(-12))/(8/24). Let a(m) = -m + 12. Let z(h) = 2*h - 13. Let i = 2 + 3. Let c(n) = i*z(n) + 6*a(n). Determine c(b).
-13
Let f(g) = 0 + 18*g + 8*g - 25*g + 4. Let p be ((-100)/30)/(-4*2/(-12)). Calculate f(p).
-1
Let q(p) = -43*p + 25. Let o(n) = -22*n - 5. Let b(x) = 5*o(x) - 3*q(x). What is b(5)?
-5
Let q(f) = 3*f - f + 2*f - f. Let j(i) = -75*i - 227. Let h be j(-3). What is q(h)?
-6
Suppose -307*y = -391*y. Let t(s) = 1 + s - 2*s + 0*s. Calculate t(y).
1
Suppose -2*d + 103 - 98 = -5*h, 3*d = -6*h - 60. Let p(u) = -6*u - 60. What is p(d)?
0
Let h(v) = 4*v + 11. Suppose s + 15 = 3*p - 0*p, 0 = -3*s - 3*p + 3. Let x be h(s). Let r(z) = 42*z**2 - 2*z - 1. Determine r(x).
43
Let x be -2 - (-1)/1 - 1. Let h be x/2 - (1 - 0). Let a(c) = 3*c - 2*c + 165 + 383 - 270 - 276. Determine a(h).
0
Let w(p) = 3*p**2 + 23*p - 3. Let d(g) = -g**3 - 8*g**2 - 56*g + 8. Let f(v) = 2*d(v) + 5*w(v). Calculate f(3).
-53
Let d(j) = -j - 3. Let y be d(-4). Let g(w) = 4*w**2 - 3*w + 5. Suppose -22*m = 12*m - 34. Let b(u) = -3*u**2 + u - 2. Let t(q) = m*g(q) + 3*b(q). What is t(y)?
-6
Let j(b) = b**2 - 4*b - 20. Let h = 4406 - 4400. Give j(h).
-8
Let g(c) = -c + 11. Let x(f) = -3*f + 22. Let t(r) = -5*g(r) + 2*x(r). Let v = -158306 + 158312. Determine t(v).
-17
Let a(p) = 61*p**3 - 14*p**2 - 42*p - 22. Let x(n) = 173*n**3 - 41*n**2 - 122*n - 66. Let y(i) = 17*a(i) - 6*x(i). Give y(10).
2
Let a(d) = -11*d + 8. Let s be 0*(-5)/(-25) + ((-120)/(-12) - 7). Give a(s).
-25
Let j(x) = x**3 - 9*x**2 + 7*x - 1. Suppose 0 = o - 2*w - 674, -5*w = 4*o - 3274 + 643. Let m = o + -656. What is j(m)?
-9
Let n(u) = u**2 - 4*u - 7. Let l(g) = 3*g + 44. Let j be l(-11). What is n(j)?
70
Let x(k) be the third derivative of k**6/60 + k**4/24 + k**3/6 + 2*k**2. Let a = -84 - -87. Suppose -a*s - 9 = -s - z, s + 27 = 5*z. Determine x(s).
-17
Let f(t) = 7*t**3 + 124*t**2 + 92*t + 105. Let i be f(-17). Let x(a) = a**2 + 21*a + 33. Give x(i).
-65
Let w(j) = 43*j - 139. Let z(c) = -15*c + 36. Let s(m) = 2*w(m) + 7*z(m). Determine s(-3).
31
Let i(y) be the first derivative of -3*y**2 - 22 - 1/12*y**4 - 5/6*y**3 + 13*y. Let v(g) be the first derivative of i(g). Give v(-4).
-2
Let p be (24 - 23) + (6 - (-7)/((-7)/4)). Let r(h) = h**3 + h - 1. Let s(l) = -3*l**3 - 3*l**2 - 3*l + 7. Let i(g) = 5*r(g) + s(g). Determine i(p).
35
Let g(w) = -379*w - 27. Let k(h) = -89*h - 7. Let x(b) = 4*g(b) - 17*k(b). Let n be -2*(-2)/5*10. Determine x(n).
-13
Let t(w) = -45*w. Let k(j) = 286*j. Let b(y) = -2*k(y) - 13*t(y). Calculate b(0).
0
Let q(g) = g**2 + 9*g + 25. Let s be (2 - 6) + 3/48*8*0. What is q(s)?
5
Let g(f) = -7*f - 6 - 11 + 20 - 7. Suppose 17*x = 22*x + 5. Let z(u) = u. Let d(s) = x*g(s) - 6*z(s). What is d(0)?
4
Let j(d) = 2*d**3 - 11*d**2 + 6*d + 27. Let f be j(4). Let r(s) = s**2 - 5*s + 14. Calculate r(f).
8
Let l(i) be the first derivative of -262 - 15*i + 9/2*i**2 + 1/3*i**3. Calculate l(-11).
7
Let q(s) = -7*s - 2. Let h(z) = -75*z - 38. Let o(f) = 2*h(f) - 22*q(f). Calculate o(12).
16
Let u(d) = -d**2 - 8 - 6*d + 1 + 12. Determine u(-7).
-2
Let g(l) = -8*l**2 + 3*l + 1. Suppose 0 = -4*v + 5*x + 40 - 72, -v + 3*x - 1 = 0. Let t be (5/(-20))/((39/12)/v). What is g(t)?
-4
Let y(o) = 5*o**2 + 4*o + 715420 + 0*o - 2*o - 715426. Calculate y(-2).
10
Suppose 0 = 12*g - 7*g. Suppose g = 3*d - 3*v, 2*d = 7*d + 4*v - 27. Let z(p) = 1 + 0*p - 2*p**2 - p**d + p**2 + 2*p**2 - 2*p. Give z(2).
-7
Let y(m) = -213*m + 4*m**2 - m**3 + 2 - 204*m - 18 - 6 + 422*m. Determine y(4).
-2
Let h(y) = -5*y - 5. Suppose -9*j + 479 - 515 = 0. Determine h(j).
15
Let g(x) be the second derivative of 1/20*x**5 - 17 - 1/2*x**4 - 7/6*x**3 + 2*x + 3/2*x**2. Give g(7).
3
Let f be (-1)/(-2)*-3*(-63)/(-108)*8. Let k(x) = x**2 + 6*x - 21. Determine k(f).
-14
Let n(l) = -l**2 - 7*l - 9. Let f be n(-4). Suppose -4*m - 4 = -f*m. Let a(x) = 23*x + 16. Let v(r) = 8*r + 6. Let i(c) = 3*a(c) - 8*v(c). Calculate i(m).
-20
Let u(q) = q**2 - 2*q + 14. Let t(b) = -b + 5. Let z(o) = -8*t(o) + 3*u(o). Let w = 2310 + -1650. Let g = w + -662. Determine z(g).
10
Let f(n) = 15 - 14967*n + 29920*n - 14958*n. Determine f(2).
5
Let x be (-24)/4 + 4 + 3. Let q(y) = -5 + 5 + x - 17908*y + 17902*y. What is q(-1)?
7
Let a(n) be the third derivative of n**5/60 + 5*n**4/24 + n**3/2 + 169962*n**2. Suppose -19 = 5*k + 21. What is a(k)?
27
Let